i) = -5*i**2 - 3. Let o(c) = 2*h(c) + 11*t(c). Determine o(k).
-4
Let u(r) = r**3 + 6*r**2 + 5*r - 4. Let g be (30/(-12))/((-2)/(-4)). Give u(g).
-4
Let g be ((-6)/(-15))/((-2)/(-10)). Let l(k) = -k - 3*k - 3 + 3*k**2 - 5*k**g. Suppose 3 = 2*p + 7. Calculate l(p).
-3
Let b(l) = -l**2 - 3*l. Let w = -2 - 2. Let k = 1 + w. What is b(k)?
0
Let y(g) = g**2 + 6*g. Let b be 4*1/(-8)*(15 + -1). Determine y(b).
7
Let f(c) = -c - 2. Let k be 328/(-64) - (-1)/8. Determine f(k).
3
Let z(h) = h**2 + h. Let s be z(-1). Let v be -2*(2 + (-21)/6). Let r(n) = -v*n + 4*n + 12 + n**2 - 2. What is r(s)?
10
Let x(z) = 6. Let o(u) = -u. Let d(b) = o(b) + x(b). Give d(4).
2
Let w = -18 + 22. Let l(s) = -s**3 + 4*s**2 + 5*s - 2. Calculate l(w).
18
Let z(n) = n - 2. Let o(w) = -w + 2. Suppose 2*m + 11 = -5*b, 4*b = -5*m + 1 - 3. Suppose 0 = 5*a - 8 - 7. Let i(s) = a*o(s) + m*z(s). Determine i(-5).
7
Let c(k) = 3*k - 1. Let j(l) = l. Let m be 75/(-12) + 3/(-4). Let q(g) = m*j(g) + 2*c(g). What is q(0)?
-2
Let a(z) = -z - 7. Let p = -11 - -10. Let x(q) = -q - 1. Let i be x(p). Calculate a(i).
-7
Let q(h) be the third derivative of h**5/60 + 5*h**4/24 + 2*h**3/3 - 5*h**2. Give q(-3).
-2
Let b(q) = -q**3 + 3*q**2 - 3*q. Let h = 45 - 43. What is b(h)?
-2
Let j(q) = 2*q - q - 2*q + 7. Suppose 4*c - 3 - 5 = 0. Suppose 7 + 4 = b + c*u, 0 = 5*b - 4*u - 13. What is j(b)?
2
Let f(l) = -4*l. Suppose 3*x + 10 = 5*t - 1, -x + 3*t - 9 = 0. Let n be 4/(-6)*(x - 0). Calculate f(n).
8
Let j(a) be the first derivative of a**3/3 + 2*a - 1. Suppose 15 = -3*q + 5*c, 4*q = 5*q + c - 3. Let g be j(q). Let i(v) = 2*v - 1. Give i(g).
3
Let s = -2 + 2. Let q be 1 + s/(-2) - -3. Let y(v) = -v**2 + 11*v - 5. Let i(x) = 3*x**2 - 32*x + 14. Let b(r) = -6*i(r) - 17*y(r). Give b(q).
5
Suppose 0 = -5*b + 2*o + 20, -55 + 12 = -3*b - 5*o. Let a(f) = -f + 6. Determine a(b).
0
Let j(v) = 3*v - 1. Let c be -1 + (5 - (0 + 3)). Suppose 6*n = 4*n + 3*o - 5, 0 = 3*n + 2*o + c. Give j(n).
-4
Let x(h) = -1 - 8*h + 0 + 7*h. Determine x(-6).
5
Let k(l) be the third derivative of l**6/30 - l**5/60 + l**4/12 - l**3/6 - 4*l**2. Determine k(1).
4
Let o(g) be the second derivative of g**3/2 - g**2 + 12*g. Calculate o(-3).
-11
Let r(n) be the third derivative of 0 + 0*n**3 + 0*n + 5/24*n**4 + 4*n**2. Determine r(1).
5
Let d(l) be the third derivative of l**8/6720 + l**7/504 + l**6/180 + l**5/20 + l**4/4 + 3*l**2. Let m(o) be the second derivative of d(o). What is m(-4)?
6
Let u(d) = -d**3 + 7*d**2 + 8*d - 7. Let c be u(8). Let l be -3*4*(-2)/(-6). Let a = l - c. Let m(g) = -g + 1. What is m(a)?
-2
Let n = 11 - 17. Let y(j) = -j**3 - 7*j**2 - 7*j - 2. What is y(n)?
4
Let c(z) be the third derivative of 0 + 0*z - 2*z**2 + 1/60*z**5 + 1/6*z**3 + 1/6*z**4. Calculate c(-3).
-2
Suppose 3*u = u + 4. Let h(q) = 1 + u*q - q - 2*q. Suppose -4*n + 3*r = -8, n = -3*r - 2*r + 2. Determine h(n).
-1
Let g(r) = -r**2 + 8*r - 8. Let h(w) = -w**2 + 8*w - 10. Let y be h(6). Suppose y*o - 21 + 9 = 0. Determine g(o).
4
Suppose -2*p - 11 = -4*p - j, 5*p + 2*j - 26 = 0. Let m(q) = 4*q - 2*q**2 + q**2 + q. Give m(p).
4
Let s(a) = a**2 - a - 2. Let h(u) = -u**2 + 10*u - 13. Let c be h(8). Determine s(c).
4
Let q(g) = g**3 - 4*g**2 + 2*g + 2. Let b be q(2). Let j(p) be the third derivative of p**6/120 + p**5/20 + p**4/12 + p**3/2 + p**2. Calculate j(b).
3
Let j be 124/28 - 3/7. Let r(i) = i - 8*i**3 - i**2 - j*i**2 + 7*i**3. Calculate r(-5).
-5
Let w(s) be the third derivative of 3*s**6/20 - s**5/30 - s**4/12 - s**3/6 - 13*s**2. Calculate w(-1).
-19
Suppose 0 = 3*i + 5 + 7. Let u(j) be the first derivative of j**4/4 + 2*j**3 + 7*j**2/2 + 5*j + 1. Give u(i).
9
Suppose -4*g + 3 = 15. Let m(y) = -y**3 - 3*y**2 - 3*y - 4. Let t be m(g). Let d(z) = 2*z + 7 + 0 - 3*z. Calculate d(t).
2
Let v(b) be the first derivative of -b**3/3 - b**2/2 + b - 7. Suppose -4*i = -5*z - 28, i + i = -z. Suppose 4*c = 6*x - 2*x + 12, x + 4 = i*c. Determine v(c).
-1
Let t(h) = -h - 1. Suppose 0*l + l = 0. Give t(l).
-1
Let y(c) be the second derivative of 7/2*c**2 + 5/6*c**3 - 1/12*c**4 + 0 - 2*c. Let o(a) = a**3 + 6*a**2 + 5. Let q be o(-6). Determine y(q).
7
Let r(q) be the first derivative of -q**2/2 + 8*q + 32. Give r(4).
4
Suppose 4*s - 5*f = -7, 2*f + 15 = 7*f. Let b(n) = n**3 - 3*n**2 + n + 1. What is b(s)?
-1
Let s(d) be the first derivative of d**2/2 - d + 6. Suppose i - 15 = -2*i. Let u be ((-4)/i)/((-3)/(-15)). Give s(u).
-5
Let b be ((-9)/9)/(1 - 2). Let a(k) = -k**2 + b - k - 5 + 0 + 3*k. Give a(3).
-7
Let g(b) = 18*b**2 + 15*b**2 - 32*b**2 - 7*b - 1. Determine g(8).
7
Suppose 6*i = 4*i. Let d(u) = -u + u**3 - 3 + 3*u + i*u. Determine d(2).
9
Let o(j) = j - 1. Let q(u) = 3*u**2 - 7 - 4 - 2*u**2. Let d(w) = -5*o(w) + q(w). Let g = -7 - -12. Determine d(g).
-6
Let o(i) = -i**2 - 4*i + 5. Let g(x) = -3*x + 1. Let m be g(-1). Suppose m*t + 2*b + 0*b + 26 = 0, -4*t - b = 21. Determine o(t).
5
Let c(o) = 9*o - 22. Let m(i) = 6*i - 15. Let a(u) = 5*c(u) - 7*m(u). Let g = 7 - 8. Let k = g + 5. Calculate a(k).
7
Suppose 2*d - 10 = -2*y, -4*d + y = -3*d - 11. Suppose 3*c - 4 = d. Let m(k) = 3 - k**2 + 1 + 4*k + 0*k**2. What is m(c)?
4
Let b(v) be the second derivative of v**3/2 - 3*v. Calculate b(-2).
-6
Let d = -11 + 13. Let s(l) = -1 + 5 + l**2 - d*l**2. Calculate s(0).
4
Let y(h) = h - 7. Suppose 5*u = -6 + 31. What is y(u)?
-2
Let r(w) be the third derivative of w**8/6720 - w**7/1260 - 7*w**6/720 + w**5/20 + w**4/24 + 2*w**2. Let d(a) be the second derivative of r(a). Give d(4).
10
Let n(k) = -k**2 + 5*k + 6. Let x = -144 + 151. Give n(x).
-8
Let h be 2/(-8) + 1/4. Let r be -2 - (h - 1 - 5). Let w(c) = -2*c**3 - c**3 + r*c**3 - 3*c**2. Determine w(2).
-4
Let c = -1 + 1. Let o(r) = 3 - 4 + 5*r + c. Calculate o(-1).
-6
Let u(c) be the second derivative of -c**3/3 - c**2 - 7*c. Give u(-2).
2
Suppose -2*r + 12 = -0*t + t, 0 = -3*t + 12. Suppose 0 = -d + r - 0. Suppose -2 = s + y, 2*s + 0*s + 10 = d*y. Let i(b) = -b**2 - 3*b. Calculate i(s).
0
Let y(q) = -q**2 + 2*q - 1. Suppose -15*r + 5*r = -30. What is y(r)?
-4
Let l be ((-2)/(-2))/1 - (-9 + 6). Let f(j) = -2*j + 1. What is f(l)?
-7
Let i = 29 - 21. Let r = i - 13. Let l(a) be the first derivative of -a**3/3 - 5*a**2/2 - 2*a + 2. Give l(r).
-2
Let x(g) = -4*g. Let k(a) = -a**2 - 6*a + 2. Let w be k(-6). Let p = 6 + -9. Let z be w/(-4) - p/(-6). What is x(z)?
4
Let f(u) = 3*u - 157 + 151 - 4*u - u**3 - 6*u**2. What is f(-6)?
0
Let h(l) be the first derivative of -7*l**3/3 - l**2/2 + 3. Let i(x) = 21*x**2 + 4*x. Let f(c) = -7*h(c) - 2*i(c). Calculate f(1).
6
Let d(w) = 5*w**2 - 8*w - 10. Let f(z) = -2 + 2*z - 2*z**2 + 1 + 2*z + 6. Let m(h) = 3*d(h) + 7*f(h). Give m(-4).
5
Suppose 2*w = -2*b - 12, -4 = 3*w - w. Let l(p) = -p**3 - 4*p**2 + p - 1. Calculate l(b).
-5
Let b(p) = 3 + 3*p - 4*p + 5*p**3 + p + 3*p. Let x(s) = -4*s**3 + s**2 - 3*s - 2. Let v(m) = 3*b(m) + 4*x(m). Determine v(2).
3
Let o = -37 + 33. Let a(x) = -x**2 - x + 2. Calculate a(o).
-10
Suppose 9 = 5*l - 6. Suppose 0 = l*u - 4*u + 2. Let h(x) = -x**2 - 2*x + x**3 - 4*x**2 + 4*x**u - 1. Determine h(-1).
-1
Let c(j) = -5 - 2 + 3*j + 5. Determine c(-2).
-8
Let t(w) = -w**3 - 3*w**2 - 3. Let z(r) = -2*r**3 - 6*r**2 - r - 6. Let m(d) = -5*t(d) + 2*z(d). Let q(n) = n**3 - n**2 - 4. Let g be q(0). What is m(g)?
-5
Let l(z) = 2*z - 6. Let n be 2 - -4 - 2/1. Let p be l(n). Let t(v) = 5*v. Let s(u) = -70*u. Let r(k) = 6*s(k) + 85*t(k). What is r(p)?
10
Let b(k) = -k**3 - 12*k**2 + 10*k - 45. Let d be b(-13). Let w(z) = -4*z + 1. What is w(d)?
25
Let x = -2 - -4. Let q(r) = -r**3 - r + 0*r**2 + 3 - 2*r**3 + 2*r**x + 2*r**3. Let y = -5 + 8. Give q(y).
-9
Let b = -8 + 10. Suppose -5*w + b*h = -0*w - 17, w = -h + 9. Let m(x) = x**3 - 5*x**2 + x - 5. Calculate m(w).
0
Let w(i) = -i - 4. Let l be w(-6). Let p(a) = 32*a + 8. Let z(v) = 11*v + 3. Let k(j) = -j**2 - j + 3. Let d be k(4). Let o(u) = d*z(u) + 6*p(u). What is o(l)?
7
Let x(p) = p - 5. Let m be x(7). Let f(c) be the first derivative of 0*c + 1/2*c**m - 3. Determine f(3).
3
Let g(b) = -b**3 - 7*b**2 - 2*b. Let y be (-3)/(-12) - (-174)/(-24). Determine g(y).
14
Let h(j) be the second derivative of -j**5/20 + j**3/2 + 3*j**2/2 - j. Let d be 0 - 3/((-6)/4). Suppose -5*x = 12 - d. Give h(x).
5
Let j = -3 - 6. 